d**2 - 6*d + 5. Calculate the remainder when k(3) is divided by t.
10
Suppose 0 = -18*i + 17*i + 1. Suppose -v + 8 = -1. Suppose 0 = z + 2*r - v + i, 24 = 3*z + 2*r. Calculate the remainder when 11 is divided by z.
3
Let t = -3852 - -4298. Calculate the remainder when t is divided by 57.
47
Suppose -4*r + p + 2559 = 0, -2569 = -2*r - 2*r - p. Suppose h + 5*y = 173, -h + 3*y = -5*h + r. Calculate the remainder when h is divided by 23.
20
Suppose d + 33 = b, -215*d = -3*b - 219*d + 127. What is the remainder when 1190 is divided by b?
6
Suppose -12458 = 6*z - 13058. Suppose -4*o - 5*a + 88 = 0, 128 - 18 = 5*o + 5*a. What is the remainder when z is divided by o?
12
Let q(u) = 2*u**3 + 38*u**2 - 60*u + 145. Calculate the remainder when q(-20) is divided by 13.
12
Let r = 22270 + -20509. Calculate the remainder when r is divided by 13.
6
Let o(h) = -h**3 - 23*h**2 - 73*h - 1. Calculate the remainder when o(-20) is divided by 151.
108
Let f = 723 - 486. Suppose -13*z + f = -257. Calculate the remainder when 530 is divided by z.
36
Suppose -5*r = -4*d + 766, -379 = -3*d - r + 186. What is the remainder when 2643 is divided by d?
186
Let b = 206 + -76. Calculate the remainder when b is divided by ((-5)/10*38)/(3 + -4).
16
Let n = 4381 - 4367. What is the remainder when 809 is divided by n?
11
Let q(b) = -b**3 + 9*b**2 + 20*b + 31. What is the remainder when 20 is divided by q(11)?
2
Suppose -3*h = 12, -4*h - 228 + 29 = -3*x. Suppose y = -d + 37, -5*y + 28*d - 32*d = -180. What is the remainder when x is divided by y?
29
Suppose 4618 + 3268 = 34*t + 2174. What is the remainder when 476 is divided by t?
140
Let y = -21972 + 23174. Calculate the remainder when y is divided by 325.
227
Suppose 0 = -39*t + 3918 + 1932. Calculate the remainder when t is divided by 2/(-6)*2 + 1330/42.
26
Let o be 4/(-7) + (-384)/(-84). Let d(x) = 4*x**3 + 4*x**2 - 4*x + 2. Calculate the remainder when d(o) is divided by 104.
98
Let s = -66 - -122. Suppose -2*u - 5*j + 91 = -s, -j = u - 75. What is the remainder when u is divided by 2*3 + 14 + -4?
12
Suppose -24 + 12 = -6*a. Suppose -3*i + 2*q = 37 - 230, a*i - 132 = 2*q. What is the remainder when 362 is divided by i?
57
Let t = 1944 + -1874. Calculate the remainder when 339 is divided by t.
59
Let h = -817 - -891. Calculate the remainder when 1329 is divided by h.
71
Let o = 150 - 82. Let n = 3177 + -3154. What is the remainder when o is divided by n?
22
Suppose 94 = -34*b + 36*b. Let q = 4 + -2. Suppose 0 = -3*g - 0*g + 3*j + 45, 4*g = q*j + 64. What is the remainder when b is divided by g?
13
Suppose -8*x - 3*j = -3*x, 2*x = 4*j + 26. Suppose 0 = x*u + 3*z - 936, -6*u + 920 = -3*u - 5*z. What is the remainder when u is divided by 12?
10
Suppose -1346*s + 5*l = -1350*s + 72, -48 = -4*s + l. What is the remainder when (-4)/(-2) + 30 + 6 is divided by s?
12
Let f = -12574 - -12697. What is the remainder when 13527 is divided by f?
120
Let l = 16 + 103. Suppose 22336*w - 22929*w + 35580 = 0. Calculate the remainder when l is divided by w.
59
Suppose 0 = m + 3*f - 288, -12*f + 15*f - 882 = -3*m. Calculate the remainder when 322 is divided by m.
25
Let d(z) = 9*z**3 + z**2 - z - 1. Let w be d(-1). Let j = -1 - w. What is the remainder when 52 is divided by (8 - j)/(1/(-2)) + 20?
16
Suppose 0 = -3*t + 4*w + 248, 0 = t - 3*w - w - 80. Let o be 326/(-5) - 120/150. Let s = t + o. Calculate the remainder when 33 is divided by s.
15
Let z = -1054 + 1086. Let t = -6 - -9. Suppose -c = v - 11 - 2, 0 = -t*v - 5*c + 31. What is the remainder when z is divided by v?
15
Let n = 22 - -4. Suppose 22 = 5*t + 4*r, -20 = t - 4*t + r. Suppose -5*f = -3*i + 56, -3*i + t*i + 2*f = 49. What is the remainder when n is divided by i?
9
Suppose -2*o - 3*d = -2170 + 559, -2*o = 4*d - 1612. What is the remainder when o is divided by 35?
34
Let s = 2188 + -2168. What is the remainder when 658 is divided by s?
18
Let z = 58 + -39. Suppose -30*k = -z*k - 132. What is the remainder when 142 is divided by k?
10
Suppose -7*v - 3*v = 11*v - 1512. Calculate the remainder when 717 is divided by v.
69
Suppose -18*r + 1081 = -755. What is the remainder when r is divided by 73?
29
Suppose -2*x + 1586 = 3*r, -67*x + 5*r - 814 = -68*x. Calculate the remainder when x is divided by 161.
140
Let b(u) = 246*u - 3371. Calculate the remainder when b(25) is divided by 48.
43
Suppose 13*w + 3*w = 96. Let o be (w/(-8) - 35/(-28))*4. Suppose 29 = o*s + q - 4, 0 = s - 5*q - 44. Calculate the remainder when s is divided by 10.
9
Let w be (-458)/7 - 3/(-7). Let u = 149 + w. Calculate the remainder when u is divided by 45.
39
Suppose 3*m + 6538 = f, -14*m + 13088 = 2*f - 16*m. Calculate the remainder when f is divided by 36.
31
Suppose -4 = -4*h + 5*o + 8, -h = 4*o - 24. Let a(b) = 1072*b - 18204. What is the remainder when a(17) is divided by h?
4
Let l(w) = 381*w**2 - 69*w - 22. Calculate the remainder when l(-4) is divided by 29.
28
Let p(z) = -z**3 + 2 - 6*z - 12*z**2 - 11 + 4*z**2. Suppose -3*r = -2*u - 55, 5*r - 4*u - 100 + 11 = 0. What is the remainder when p(-8) is divided by r?
18
Suppose r = 2*d + 6, 5*r = -9*d + 8*d + 30. What is the remainder when 165 is divided by (42/(-16))/(96/(-128))*r?
18
Suppose 32*y - 30*y + 463 = 5*a, 3*a + 3*y - 261 = 0. What is the remainder when a is divided by 54?
37
Let s = 79 + -23. Calculate the remainder when (-15966)/(-36) + 0 + (-6)/(-4) is divided by s.
53
Suppose 36*u - 57256 - 42896 = 0. Calculate the remainder when u is divided by 2773.
9
Let r(o) = -22*o + 1. Let d(b) = -b - 7. Let z be d(-4). Suppose 1042*y + 106 = 1047*y + s, y = 4*s + 59. Calculate the remainder when r(z) is divided by y.
21
Suppose 10*d - 23*d + 4056 = 0. Let h = 344 - d. What is the remainder when h is divided by 24?
8
Let x be 176/(-66) - 4/(-6). Let q be (x + 12)*2/(-8)*-2. Let r(j) = j**3 - 3*j**2 - 10*j + 13. Calculate the remainder when r(q) is divided by 4.
1
Let j be (-2)/3*(-9 - -3). Let b(i) = -i**2 + 158*i - 4298. Calculate the remainder when (-184)/(-10) - j/10 is divided by b(35).
4
Let h(s) = s**3 + 52*s**2 - 173*s - 21. Calculate the remainder when h(-55) is divided by 106.
101
Suppose 7*w = 861 + 3353. Suppose 3*d = -4*d + w. What is the remainder when d is divided by (-1 - -6)*54/30?
5
Let b be (-8)/(-12) - (-10)/(-15). Suppose r - 3*r + 128 = b. Let c(z) = z**3 - 4*z**2 - 18*z - 4. Calculate the remainder when r is divided by c(7).
13
Suppose -18*i = -1365 + 447. Let m = -19 - -28. Calculate the remainder when i is divided by m.
6
Let z(c) = -c**3 + 14*c**2 + 19*c - 36. What is the remainder when 839 is divided by z(15)?
23
Suppose -873 = -32*l + 29*l. Calculate the remainder when l is divided by ((-128)/(-21) + 10/(-105))*7.
39
Let a(s) = 5*s**2 - 13*s - 17. What is the remainder when a(9) is divided by 91?
89
Let n = 768 + -642. Let l = 137 - n. What is the remainder when (-288)/(-15) - (-2)/(-10) is divided by l?
8
Suppose o = -3 - 2. Let g = -5922 + 5921. Calculate the remainder when 14 is divided by (o + 5 + g)/((-1)/6).
2
Let o(a) = a**2 - 15*a - 3. Let u be o(15). Let x be (0 - 166)/(u + 1). Suppose 2*g + 47 = x. What is the remainder when 106 is divided by g?
16
Let b = 11 + 95. Suppose -4*c = -2*v + 64, 0 = c - 21 + 23. What is the remainder when b is divided by v?
22
Let y = -100 + 207. What is the remainder when y is divided by (40/(-24))/(((-4)/(-264)*-2)/1)?
52
Suppose -48*o + 4*k = -43*o - 14048, 4*o + 4*k - 11224 = 0. Calculate the remainder when o is divided by 53.
52
Let p(m) be the third derivative of m**5/15 - m**4/3 + 5*m**3/6 - m**2. Suppose -121 + 1045 = 112*w - 70*w. What is the remainder when p(5) is divided by w?
21
What is the remainder when -20*2*(-3536)/130 is divided by 14?
10
Let h = 2898 + -2591. Calculate the remainder when h is divided by 53.
42
Let h(q) = 7*q**2 + 20*q + 16. What is the remainder when h(-6) is divided by 25?
23
Let a = 51 - 28. Suppose 2*w - 4*n - 57 - 15 = 0, -5*n - 190 = -5*w. Suppose -y + 5 = -w. What is the remainder when y is divided by a?
22
Suppose 2*m - 5*g = 2054, 0 = -5*m + g - 2*g + 5135. Suppose -1023*a = -m*a + 136. What is the remainder when a is divided by 26?
8
Let q(x) = -2*x**2 - 13*x + 11. Let s be q(-7). Suppose 2*d - s*p = 3*d - 48, -4*p - 192 = -4*d. What is the rem